{"id":2741,"date":"2026-03-19T10:02:56","date_gmt":"2026-03-19T09:02:56","guid":{"rendered":"https:\/\/uniejow.pl\/ucop\/?page_id=2741"},"modified":"2026-03-19T10:02:56","modified_gmt":"2026-03-19T09:02:56","slug":"rynek-ktory-rosnie-potencjal-branzy-rolno-spozywczej","status":"publish","type":"page","link":"https:\/\/uniejow.pl\/ucop\/rynek-ktory-rosnie-potencjal-branzy-rolno-spozywczej\/","title":{"rendered":"Rynek, kt\u00f3ry ro\u015bnie. Potencja\u0142 bran\u017cy rolno-spo\u017cywczej"},"content":{"rendered":"\n<p>Bran\u017ca rolno-spo\u017cywcza znajduje si\u0119 dzi\u015b w punkcie intensywnych zmian \u2013 i w\u0142a\u015bnie to tworzy najwi\u0119ksze mo\u017cliwo\u015bci rozwoju. Rosn\u0105ce oczekiwania konsument\u00f3w, presja klimatyczna oraz dynamiczny rozw\u00f3j technologii sprawiaj\u0105, \u017ce rynek otwiera si\u0119 na nowe modele produkcji i innowacyjne rozwi\u0105zania.<\/p>\n\n\n\n<p>W tym kontek\u015bcie wykorzystanie wody geotermalnej przestaje by\u0107 niszowym rozwi\u0105zaniem, a staje si\u0119 realnym \u017ar\u00f3d\u0142em przewagi konkurencyjnej \u2013 zar\u00f3wno technologicznej, jak i wizerunkowej.<\/p>\n\n\n\n<details class=\"wp-block-details\"><summary><img loading=\"lazy\" decoding=\"async\" width=\"720\" height=\"144\" class=\"wp-image-2743 is-layout-flow wp-block-details-is-layout-flow\" style=\"width: 720px;\" src=\"https:\/\/uniejow.pl\/ucop\/wp-content\/uploads\/2026\/03\/17-2.jpg\" alt=\"\" srcset=\"https:\/\/uniejow.pl\/ucop\/wp-content\/uploads\/2026\/03\/17-2.jpg 2000w, https:\/\/uniejow.pl\/ucop\/wp-content\/uploads\/2026\/03\/17-2-300x60.jpg 300w, https:\/\/uniejow.pl\/ucop\/wp-content\/uploads\/2026\/03\/17-2-1024x205.jpg 1024w, https:\/\/uniejow.pl\/ucop\/wp-content\/uploads\/2026\/03\/17-2-768x154.jpg 768w, https:\/\/uniejow.pl\/ucop\/wp-content\/uploads\/2026\/03\/17-2-1536x307.jpg 1536w\" sizes=\"auto, (max-width: 720px) 100vw, 720px\" \/><\/summary>\n<p><br>Wsp\u00f3\u0142czesny sektor rolno-spo\u017cywczy rozwija si\u0119 w oparciu o trzy kluczowe filary: jako\u015b\u0107, efektywno\u015b\u0107 i zr\u00f3wnowa\u017cony rozw\u00f3j. Konsumenci nie kupuj\u0105 ju\u017c wy\u0142\u0105cznie produkt\u00f3w \u2013 wybieraj\u0105 historie, pochodzenie i spos\u00f3b produkcji.<\/p>\n\n\n\n<p>Na znaczeniu zyskuj\u0105 szczeg\u00f3lnie:<\/p>\n\n\n\n<ul class=\"wp-block-list\">\n<li>produkty naturalne, ekologiczne i niskoprzetworzone,<\/li>\n\n\n\n<li>\u017cywno\u015b\u0107 funkcjonalna (wzbogacana w sk\u0142adniki prozdrowotne),<\/li>\n\n\n\n<li>transparentno\u015b\u0107 pochodzenia i lokalno\u015b\u0107,<\/li>\n\n\n\n<li>rozwi\u0105zania wpisuj\u0105ce si\u0119 w gospodark\u0119 cyrkularn\u0105.<\/li>\n<\/ul>\n\n\n\n<p>To w\u0142a\u015bnie w tych obszarach geotermia mo\u017ce realnie zwi\u0119kszy\u0107 warto\u015b\u0107 produktu \u2013 jako element procesu technologicznego, ale te\u017c silny wyr\u00f3\u017cnik marketingowy.<\/p>\n<\/details>\n\n\n\n<p>     <\/p>\n\n\n\n<details class=\"wp-block-details\"><summary><img loading=\"lazy\" decoding=\"async\" width=\"720\" height=\"144\" class=\"wp-image-2744 is-layout-flow wp-block-details-is-layout-flow\" style=\"width: 720px;\" src=\"https:\/\/uniejow.pl\/ucop\/wp-content\/uploads\/2026\/03\/18-1.jpg\" alt=\"\" srcset=\"https:\/\/uniejow.pl\/ucop\/wp-content\/uploads\/2026\/03\/18-1.jpg 2000w, https:\/\/uniejow.pl\/ucop\/wp-content\/uploads\/2026\/03\/18-1-300x60.jpg 300w, https:\/\/uniejow.pl\/ucop\/wp-content\/uploads\/2026\/03\/18-1-1024x205.jpg 1024w, https:\/\/uniejow.pl\/ucop\/wp-content\/uploads\/2026\/03\/18-1-768x154.jpg 768w, https:\/\/uniejow.pl\/ucop\/wp-content\/uploads\/2026\/03\/18-1-1536x307.jpg 1536w\" sizes=\"auto, (max-width: 720px) 100vw, 720px\" \/><\/summary>\n<p><br>Bran\u017ca rolno-spo\u017cywcza przechodzi dzi\u015b jedn\u0105 z najwi\u0119kszych transformacji w swojej historii. Innowacje technologiczne, zmiany klimatyczne oraz rosn\u0105ca \u015bwiadomo\u015b\u0107 konsument\u00f3w sprawiaj\u0105, \u017ce tradycyjne modele produkcji ust\u0119puj\u0105 miejsca nowym, bardziej efektywnym i zr\u00f3wnowa\u017conym rozwi\u0105zaniom.<\/p>\n\n\n\n<p><strong>Fermentacja precyzyjna \u2013 nowe podej\u015bcie do produkcji \u017cywno\u015bci<\/strong><br>Coraz wi\u0119ksz\u0105 rol\u0119 odgrywaj\u0105 technologie umo\u017cliwiaj\u0105ce wytwarzanie sk\u0142adnik\u00f3w \u017cywno\u015bci przy wykorzystaniu mikroorganizm\u00f3w. Dzi\u0119ki fermentacji precyzyjnej mo\u017cliwe jest tworzenie bia\u0142ek, t\u0142uszcz\u00f3w czy enzym\u00f3w bez konieczno\u015bci tradycyjnej hodowli zwierz\u0105t. To nie tylko odpowied\u017a na rosn\u0105ce zainteresowanie dietami ro\u015blinnymi, ale r\u00f3wnie\u017c spos\u00f3b na ograniczenie koszt\u00f3w i wp\u0142ywu produkcji na \u015brodowisko.<\/p>\n\n\n\n<p><strong>Sztuczna inteligencja \u2013 optymalizacja na ka\u017cdym etapie<\/strong><br>Systemy oparte na danych zmieniaj\u0105 spos\u00f3b funkcjonowania ca\u0142ego \u0142a\u0144cucha warto\u015bci \u2013 od uprawy, przez przetw\u00f3rstwo, a\u017c po sprzeda\u017c. Algorytmy analizuj\u0105 preferencje klient\u00f3w, prognozuj\u0105 popyt, kontroluj\u0105 jako\u015b\u0107 surowc\u00f3w i ograniczaj\u0105 straty produkcyjne. W praktyce oznacza to wi\u0119ksz\u0105 przewidywalno\u015b\u0107 biznesu i lepsze wykorzystanie zasob\u00f3w.<\/p>\n\n\n\n<p><strong>Nowe alternatywy produkcji \u2013 zmiana modelu pozyskiwania \u017cywno\u015bci<\/strong><br>Rosn\u0105ce zainteresowanie alternatywnymi \u017ar\u00f3d\u0142ami \u017cywno\u015bci, takimi jak mi\u0119so kom\u00f3rkowe czy produkty ro\u015blinne o wysokiej funkcjonalno\u015bci, pokazuje wyra\u017any kierunek zmian. Konsumenci coraz cz\u0119\u015bciej szukaj\u0105 produkt\u00f3w, kt\u00f3re \u0142\u0105cz\u0105 tradycyjny smak z nowoczesnym, bardziej odpowiedzialnym sposobem produkcji.<\/p>\n\n\n\n<p><strong>Rolnictwo 2.0 \u2013 precyzja i kontrola zasob\u00f3w<\/strong><br>Nowoczesne gospodarstwa wykorzystuj\u0105 technologie takie jak czujniki, systemy satelitarne, drony czy analityk\u0119 danych, aby precyzyjnie zarz\u0105dza\u0107 uprawami. Pozwala to ograniczy\u0107 zu\u017cycie wody, nawoz\u00f3w i energii, a jednocze\u015bnie zwi\u0119kszy\u0107 wydajno\u015b\u0107. W warunkach rosn\u0105cej niepewno\u015bci klimatycznej takie podej\u015bcie staje si\u0119 kluczowe dla stabilno\u015bci produkcji.<\/p>\n\n\n\n<p><strong>Automatyzacja i robotyzacja \u2013 wi\u0119ksza efektywno\u015b\u0107 operacyjna<\/strong><br>Coraz wi\u0119cej proces\u00f3w w bran\u017cy spo\u017cywczej jest automatyzowanych \u2013 od sortowania i pakowania po przygotowanie produkt\u00f3w. Wdro\u017cenie robot\u00f3w i system\u00f3w wspieraj\u0105cych produkcj\u0119 pozwala nie tylko obni\u017cy\u0107 koszty pracy, ale tak\u017ce zwi\u0119kszy\u0107 powtarzalno\u015b\u0107 jako\u015bci i spe\u0142nia\u0107 rosn\u0105ce wymagania sanitarne.<\/p>\n\n\n\n<p><strong>Zr\u00f3wnowa\u017cone opakowania \u2013 odpowied\u017a na nowe oczekiwania rynku<\/strong><br>Ekologiczne podej\u015bcie obejmuje dzi\u015b nie tylko sam produkt, ale r\u00f3wnie\u017c jego opakowanie. Materia\u0142y biodegradowalne, opakowania z recyklingu czy rozwi\u0105zania ograniczaj\u0105ce zu\u017cycie plastiku staj\u0105 si\u0119 standardem. Co wa\u017cne, opakowanie coraz cz\u0119\u015bciej pe\u0142ni tak\u017ce funkcj\u0119 komunikacyjn\u0105 \u2013 informuje o pochodzeniu produktu i jego wp\u0142ywie na \u015brodowisko. Cho\u0107 trendy te dotycz\u0105 r\u00f3\u017cnych obszar\u00f3w, \u0142\u0105czy je jeden cel: zwi\u0119kszenie efektywno\u015bci produkcji przy jednoczesnym ograniczeniu zu\u017cycia zasob\u00f3w i wp\u0142ywu na \u015brodowisko. To w\u0142a\u015bnie w tym modelu idealnie odnajduj\u0105 si\u0119 rozwi\u0105zania oparte na wodzie geotermalnej \u2013 wspieraj\u0105c zar\u00f3wno procesy technologiczne, jak i budowanie przewagi konkurencyjnej w oparciu o jako\u015b\u0107, innowacyjno\u015b\u0107 i odpowiedzialno\u015b\u0107 \u015brodowiskow\u0105.<\/p>\n<\/details>\n\n\n\n<p>   <\/p>\n\n\n\n<details class=\"wp-block-details\"><summary><img loading=\"lazy\" decoding=\"async\" width=\"720\" height=\"144\" class=\"wp-image-2745 is-layout-flow wp-block-details-is-layout-flow\" style=\"width: 720px;\" src=\"https:\/\/uniejow.pl\/ucop\/wp-content\/uploads\/2026\/03\/19-1.jpg\" alt=\"\" srcset=\"https:\/\/uniejow.pl\/ucop\/wp-content\/uploads\/2026\/03\/19-1.jpg 2000w, https:\/\/uniejow.pl\/ucop\/wp-content\/uploads\/2026\/03\/19-1-300x60.jpg 300w, https:\/\/uniejow.pl\/ucop\/wp-content\/uploads\/2026\/03\/19-1-1024x205.jpg 1024w, https:\/\/uniejow.pl\/ucop\/wp-content\/uploads\/2026\/03\/19-1-768x154.jpg 768w, https:\/\/uniejow.pl\/ucop\/wp-content\/uploads\/2026\/03\/19-1-1536x307.jpg 1536w\" sizes=\"auto, (max-width: 720px) 100vw, 720px\" \/><\/summary>\n<p><br>Rynek nie tylko si\u0119 zmienia \u2013 on ro\u015bnie, ale w nowym kierunku.<\/p>\n\n\n\n<ul class=\"wp-block-list\">\n<li>Europa odpowiada za niemal po\u0142ow\u0119 \u015bwiatowego importu przetwor\u00f3w owocowych,<\/li>\n\n\n\n<li>eksport polskich produkt\u00f3w rolno-spo\u017cywczych osi\u0105ga rekordowe poziomy,<\/li>\n\n\n\n<li>ro\u015bnie popyt na produkty wysokiej jako\u015bci i o warto\u015bci dodanej,<\/li>\n\n\n\n<li>jednocze\u015bnie produkcja surowc\u00f3w (np. owoc\u00f3w) staje si\u0119 coraz bardziej niestabilna ze wzgl\u0119du na zmiany klimatyczne.<\/li>\n<\/ul>\n\n\n\n<p>To oznacza jedno: przewaga konkurencyjna przesuwa si\u0119 z ilo\u015bci na jako\u015b\u0107, technologi\u0119 i spos\u00f3b produkcji.<\/p>\n<\/details>\n","protected":false},"excerpt":{"rendered":"<p>Bran\u017ca rolno-spo\u017cywcza znajduje si\u0119 dzi\u015b w punkcie intensywnych zmian \u2013 i w\u0142a\u015bnie to tworzy najwi\u0119ksze mo\u017cliwo\u015bci rozwoju. Rosn\u0105ce oczekiwania konsument\u00f3w, [&#8230;]<\/p>\n<p><a class=\"btn btn-secondary understrap-read-more-link\" href=\"https:\/\/uniejow.pl\/ucop\/rynek-ktory-rosnie-potencjal-branzy-rolno-spozywczej\/\">Czytaj dalej\u2026<span class=\"screen-reader-text\"> from Rynek, kt\u00f3ry ro\u015bnie. Potencja\u0142 bran\u017cy rolno-spo\u017cywczej<\/span><\/a><\/p>\n","protected":false},"author":2,"featured_media":2742,"parent":0,"menu_order":0,"comment_status":"closed","ping_status":"closed","template":"","meta":{"_acf_changed":false,"footnotes":""},"class_list":["post-2741","page","type-page","status-publish","has-post-thumbnail","hentry"],"acf":[],"_links":{"self":[{"href":"https:\/\/uniejow.pl\/ucop\/wp-json\/wp\/v2\/pages\/2741","targetHints":{"allow":["GET"]}}],"collection":[{"href":"https:\/\/uniejow.pl\/ucop\/wp-json\/wp\/v2\/pages"}],"about":[{"href":"https:\/\/uniejow.pl\/ucop\/wp-json\/wp\/v2\/types\/page"}],"author":[{"embeddable":true,"href":"https:\/\/uniejow.pl\/ucop\/wp-json\/wp\/v2\/users\/2"}],"replies":[{"embeddable":true,"href":"https:\/\/uniejow.pl\/ucop\/wp-json\/wp\/v2\/comments?post=2741"}],"version-history":[{"count":1,"href":"https:\/\/uniejow.pl\/ucop\/wp-json\/wp\/v2\/pages\/2741\/revisions"}],"predecessor-version":[{"id":2746,"href":"https:\/\/uniejow.pl\/ucop\/wp-json\/wp\/v2\/pages\/2741\/revisions\/2746"}],"wp:featuredmedia":[{"embeddable":true,"href":"https:\/\/uniejow.pl\/ucop\/wp-json\/wp\/v2\/media\/2742"}],"wp:attachment":[{"href":"https:\/\/uniejow.pl\/ucop\/wp-json\/wp\/v2\/media?parent=2741"}],"curies":[{"name":"wp","href":"https:\/\/api.w.org\/{rel}","templated":true}]}}