{"id":2830,"date":"2026-03-24T09:37:14","date_gmt":"2026-03-24T08:37:14","guid":{"rendered":"https:\/\/uniejow.pl\/ucop\/?page_id=2830"},"modified":"2026-03-24T09:37:14","modified_gmt":"2026-03-24T08:37:14","slug":"modele-biznesowe-i-kierunki-rozwoju-dzialalnosci","status":"publish","type":"page","link":"https:\/\/uniejow.pl\/ucop\/modele-biznesowe-i-kierunki-rozwoju-dzialalnosci\/","title":{"rendered":"Modele biznesowe i kierunki rozwoju dzia\u0142alno\u015bci"},"content":{"rendered":"\n<p>Woda geotermalna z Uniejowa otwiera szerokie mo\u017cliwo\u015bci budowania i rozwijania biznesu w bran\u017cy kosmetycznej i wellness. Mo\u017ce by\u0107 wykorzystywana zar\u00f3wno w produkcji kosmetyk\u00f3w, jak i w us\u0142ugach, sprzeda\u017cy online czy wsp\u00f3\u0142pracy z partnerami z sektora SPA i turystyki zdrowotnej.<\/p>\n\n\n\n<p>Dost\u0119pne modele biznesowe pozwalaj\u0105 dopasowa\u0107 spos\u00f3b dzia\u0142ania do skali firmy, dost\u0119pnych zasob\u00f3w oraz ambicji rozwojowych. Mog\u0105 stanowi\u0107 gotow\u0105 inspiracj\u0119 do wdro\u017cenia lub punkt wyj\u015bcia do stworzenia w\u0142asnej, unikalnej koncepcji opartej na lokalnym potencjale Uniejowa.<\/p>\n\n\n\n<details class=\"wp-block-details\"><summary><img loading=\"lazy\" decoding=\"async\" width=\"720\" height=\"144\" class=\"wp-image-2832 is-layout-flow wp-block-details-is-layout-flow\" style=\"width: 720px;\" src=\"https:\/\/uniejow.pl\/ucop\/wp-content\/uploads\/2026\/03\/57.jpg\" alt=\"\" srcset=\"https:\/\/uniejow.pl\/ucop\/wp-content\/uploads\/2026\/03\/57.jpg 2000w, https:\/\/uniejow.pl\/ucop\/wp-content\/uploads\/2026\/03\/57-300x60.jpg 300w, https:\/\/uniejow.pl\/ucop\/wp-content\/uploads\/2026\/03\/57-1024x205.jpg 1024w, https:\/\/uniejow.pl\/ucop\/wp-content\/uploads\/2026\/03\/57-768x154.jpg 768w, https:\/\/uniejow.pl\/ucop\/wp-content\/uploads\/2026\/03\/57-1536x307.jpg 1536w\" sizes=\"auto, (max-width: 720px) 100vw, 720px\" \/><\/summary>\n<p><br>To model oparty na tworzeniu produkt\u00f3w kosmetycznych, w kt\u00f3rych woda geotermalna stanowi kluczowy sk\u0142adnik. Jej w\u0142a\u015bciwo\u015bci piel\u0119gnacyjne i regeneruj\u0105ce pozwalaj\u0105 budowa\u0107 ofert\u0119 o wysokiej warto\u015bci i silnym wyr\u00f3\u017cniku rynkowym.<\/p>\n\n\n\n<p>Produkcja mo\u017ce by\u0107 realizowana samodzielnie lub we wsp\u00f3\u0142pracy z wyspecjalizowanymi partnerami, co daje elastyczno\u015b\u0107 na r\u00f3\u017cnych etapach rozwoju firmy. Kluczowe znaczenie ma tu jako\u015b\u0107 surowc\u00f3w, przemy\u015blana organizacja produkcji oraz rozw\u00f3j produkt\u00f3w \u2013 zar\u00f3wno poprzez w\u0142asne dzia\u0142ania, jak i wsp\u00f3\u0142prac\u0119 z jednostkami naukowymi.<\/p>\n\n\n\n<p>To podej\u015bcie pozwala budowa\u0107 mark\u0119 opart\u0105 na jako\u015bci, innowacji i lokalnym pochodzeniu sk\u0142adnik\u00f3w.<\/p>\n\n\n\n<p><img loading=\"lazy\" decoding=\"async\" width=\"720\" height=\"360\" class=\"wp-image-2837\" style=\"width: 720px;\" src=\"https:\/\/uniejow.pl\/ucop\/wp-content\/uploads\/2026\/03\/DOBRE-PRAKTYKI_laboratorium_medicofarma-scaled.jpg\" alt=\"\" srcset=\"https:\/\/uniejow.pl\/ucop\/wp-content\/uploads\/2026\/03\/DOBRE-PRAKTYKI_laboratorium_medicofarma-scaled.jpg 2560w, https:\/\/uniejow.pl\/ucop\/wp-content\/uploads\/2026\/03\/DOBRE-PRAKTYKI_laboratorium_medicofarma-300x150.jpg 300w, https:\/\/uniejow.pl\/ucop\/wp-content\/uploads\/2026\/03\/DOBRE-PRAKTYKI_laboratorium_medicofarma-1024x512.jpg 1024w, https:\/\/uniejow.pl\/ucop\/wp-content\/uploads\/2026\/03\/DOBRE-PRAKTYKI_laboratorium_medicofarma-768x384.jpg 768w, https:\/\/uniejow.pl\/ucop\/wp-content\/uploads\/2026\/03\/DOBRE-PRAKTYKI_laboratorium_medicofarma-1536x768.jpg 1536w, https:\/\/uniejow.pl\/ucop\/wp-content\/uploads\/2026\/03\/DOBRE-PRAKTYKI_laboratorium_medicofarma-2048x1024.jpg 2048w\" sizes=\"auto, (max-width: 720px) 100vw, 720px\" \/><\/p>\n<\/details>\n\n\n\n<p>     <\/p>\n\n\n\n<details class=\"wp-block-details\"><summary><img loading=\"lazy\" decoding=\"async\" width=\"720\" height=\"144\" class=\"wp-image-2833 is-layout-flow wp-block-details-is-layout-flow\" style=\"width: 720px;\" src=\"https:\/\/uniejow.pl\/ucop\/wp-content\/uploads\/2026\/03\/58.jpg\" alt=\"\" srcset=\"https:\/\/uniejow.pl\/ucop\/wp-content\/uploads\/2026\/03\/58.jpg 2000w, https:\/\/uniejow.pl\/ucop\/wp-content\/uploads\/2026\/03\/58-300x60.jpg 300w, https:\/\/uniejow.pl\/ucop\/wp-content\/uploads\/2026\/03\/58-1024x205.jpg 1024w, https:\/\/uniejow.pl\/ucop\/wp-content\/uploads\/2026\/03\/58-768x154.jpg 768w, https:\/\/uniejow.pl\/ucop\/wp-content\/uploads\/2026\/03\/58-1536x307.jpg 1536w\" sizes=\"auto, (max-width: 720px) 100vw, 720px\" \/><\/summary>\n<p>Model rzemie\u015blniczy koncentruje si\u0119 na tworzeniu kosmetyk\u00f3w w ma\u0142ych partiach, z du\u017cym naciskiem na jako\u015b\u0107, autentyczno\u015b\u0107 i bezpo\u015bredni\u0105 relacj\u0119 z klientem. Produkty powstaj\u0105 cz\u0119sto r\u0119cznie, z wykorzystaniem lokalnych surowc\u00f3w, co pozwala na wi\u0119ksz\u0105 elastyczno\u015b\u0107 i personalizacj\u0119.<\/p>\n\n\n\n<p>W tym podej\u015bciu istotn\u0105 rol\u0119 odgrywa historia marki oraz jej zakorzenienie w miejscu \u2013 w tym przypadku w Uniejowie i jego zasobach geotermalnych. To w\u0142a\u015bnie autentyczno\u015b\u0107 i transparentno\u015b\u0107 buduj\u0105 zaufanie klient\u00f3w i wyr\u00f3\u017cniaj\u0105 produkty na tle masowej konkurencji. Model ten najlepiej sprawdza si\u0119 w budowaniu marek butikowych i premium.<\/p>\n\n\n\n<p><\/p>\n\n\n\n<p class=\"has-text-align-center\"><strong><u>Przyk\u0142ad: Polska, Podlasie: Mydlarnia \u201eCztery szpaki\u201d<\/u><\/strong><\/p>\n\n\n\n<p>Rodzinna manufaktura z Bia\u0142egostoku, specjalizuj\u0105ca si\u0119 w produkcji naturalnych kosmetyk\u00f3w. Firma stawia na prostot\u0119 sk\u0142adu, r\u0119czne wytwarzanie i wykorzystanie lokalnych surowc\u00f3w. Produkty s\u0105 dost\u0119pne zar\u00f3wno w sklepie internetowym, jak i w wybranych punktach stacjonarnych. Jednymi z najbardziej rozpoznawalnych i bestsellerowych produkt\u00f3w firmy s\u0105 \u201ekosmetyki w kostkach\u201d \u2013 a przede wszystkim szampon w kostce, jeden z najpopularniejszych rzemie\u015blniczych produkt\u00f3w na rynku polskich kosmetyk\u00f3w naturalnych. Kosmetyk zrobi\u0142 niema\u0142\u0105 rewolucj\u0119 w piel\u0119gnacji w\u0142os\u00f3w, ale te\u017c przyczyni\u0142 si\u0119 do ograniczenia tysi\u0119cy plastikowych butelek, w jakich sprzedawane s\u0105 zwykle szampony. Model biznesowy \u201eCzterech szpak\u00f3w: rzemie\u015blnicza produkcja + sprzeda\u017c online + w\u0142asny butik + wsp\u00f3\u0142praca z punktami stacjonarnymi w ca\u0142ej Polsce.<\/p>\n<\/details>\n\n\n\n<p>   <\/p>\n\n\n\n<details class=\"wp-block-details\"><summary><img loading=\"lazy\" decoding=\"async\" width=\"720\" height=\"144\" class=\"wp-image-2834 is-layout-flow wp-block-details-is-layout-flow\" style=\"width: 720px;\" src=\"https:\/\/uniejow.pl\/ucop\/wp-content\/uploads\/2026\/03\/59.jpg\" alt=\"\" srcset=\"https:\/\/uniejow.pl\/ucop\/wp-content\/uploads\/2026\/03\/59.jpg 2000w, https:\/\/uniejow.pl\/ucop\/wp-content\/uploads\/2026\/03\/59-300x60.jpg 300w, https:\/\/uniejow.pl\/ucop\/wp-content\/uploads\/2026\/03\/59-1024x205.jpg 1024w, https:\/\/uniejow.pl\/ucop\/wp-content\/uploads\/2026\/03\/59-768x154.jpg 768w, https:\/\/uniejow.pl\/ucop\/wp-content\/uploads\/2026\/03\/59-1536x307.jpg 1536w\" sizes=\"auto, (max-width: 720px) 100vw, 720px\" \/><\/summary>\n<p><br>E-commerce to jeden z najwa\u017cniejszych kierunk\u00f3w rozwoju wsp\u00f3\u0142czesnych marek kosmetycznych. Pozwala dotrze\u0107 do klient\u00f3w w ca\u0142ej Polsce i za granic\u0105, niezale\u017cnie od lokalizacji firmy.<\/p>\n\n\n\n<p>Sprzeda\u017c mo\u017ce by\u0107 prowadzona poprzez w\u0142asny sklep internetowy, platformy marketplace lub w modelach mieszanych. Daje to mo\u017cliwo\u015b\u0107 skalowania biznesu, testowania produkt\u00f3w i szybkiego reagowania na potrzeby rynku.<\/p>\n\n\n\n<p>Dla firm wykorzystuj\u0105cych wod\u0119 geotermaln\u0105 z Uniejowa to tak\u017ce szansa na budowanie rozpoznawalnej marki opartej na lokalno\u015bci, naturalno\u015bci i unikalnym sk\u0142adniku.<\/p>\n\n\n\n<p>Jakie s\u0105 korzy\u015bci ze sprzeda\u017cy online?<\/p>\n\n\n\n<p>\u25aa Szeroki zasi\u0119g geograficzny, umo\u017cliwia dotarcie do klient\u00f3w spoza regionu, w tym do turyst\u00f3w, kt\u00f3rzy odwiedzili Uniej\u00f3w i chc\u0105 kontynuowa\u0107 korzystanie z produkt\u00f3w lub us\u0142ug<\/p>\n\n\n\n<p>\u25aa Niski pr\u00f3g wej\u015bcia, zw\u0142aszcza przy sprzeda\u017cy na marketplace\u2019ach, kt\u00f3re eliminuj\u0105 konieczno\u015b\u0107 tworzenia w\u0142asnej infrastruktury IT<\/p>\n\n\n\n<p>\u25aa Mo\u017cliwo\u015b\u0107 zautomatyzowania proces\u00f3w sprzeda\u017cowych \u2013 obs\u0142ugi zam\u00f3wie\u0144, p\u0142atno\u015bci, wystawiania faktur i logistyki<\/p>\n\n\n\n<p>\u25aa Dost\u0119p do danych o klientach, do zbiorczych analiz zachowa\u0144 u\u017cytkownik\u00f3w na platformach internetowych, co pomaga lepiej dopasowa\u0107 ofert\u0119, ceny i komunikacj\u0119 marketingow\u0105<\/p>\n\n\n\n<p>\u25aa Wzmocnienie marki lokalnej \u2013 produkty z wykorzystaniem uniejowskiej wody geotermalnej mog\u0105 sta\u0107 si\u0119 wyr\u00f3\u017cnikiem na tle konkurencji og\u00f3lnopolskiej i europejskiej.<br><br> <img loading=\"lazy\" decoding=\"async\" width=\"720\" height=\"360\" class=\"wp-image-2838\" style=\"width: 720px;\" src=\"https:\/\/uniejow.pl\/ucop\/wp-content\/uploads\/2026\/03\/DOBRE-PRAKTYKI-ministerstwo-dobrego-mydla-scaled.jpg\" alt=\"\" srcset=\"https:\/\/uniejow.pl\/ucop\/wp-content\/uploads\/2026\/03\/DOBRE-PRAKTYKI-ministerstwo-dobrego-mydla-scaled.jpg 2560w, https:\/\/uniejow.pl\/ucop\/wp-content\/uploads\/2026\/03\/DOBRE-PRAKTYKI-ministerstwo-dobrego-mydla-300x150.jpg 300w, https:\/\/uniejow.pl\/ucop\/wp-content\/uploads\/2026\/03\/DOBRE-PRAKTYKI-ministerstwo-dobrego-mydla-1024x512.jpg 1024w, https:\/\/uniejow.pl\/ucop\/wp-content\/uploads\/2026\/03\/DOBRE-PRAKTYKI-ministerstwo-dobrego-mydla-768x384.jpg 768w, https:\/\/uniejow.pl\/ucop\/wp-content\/uploads\/2026\/03\/DOBRE-PRAKTYKI-ministerstwo-dobrego-mydla-1536x768.jpg 1536w, https:\/\/uniejow.pl\/ucop\/wp-content\/uploads\/2026\/03\/DOBRE-PRAKTYKI-ministerstwo-dobrego-mydla-2048x1024.jpg 2048w\" sizes=\"auto, (max-width: 720px) 100vw, 720px\" \/><\/p>\n<\/details>\n\n\n\n<p>   <\/p>\n\n\n\n<details class=\"wp-block-details\"><summary><img loading=\"lazy\" decoding=\"async\" width=\"720\" height=\"144\" class=\"wp-image-2836 is-layout-flow wp-block-details-is-layout-flow\" style=\"width: 720px;\" src=\"https:\/\/uniejow.pl\/ucop\/wp-content\/uploads\/2026\/03\/61.jpg\" alt=\"\" srcset=\"https:\/\/uniejow.pl\/ucop\/wp-content\/uploads\/2026\/03\/61.jpg 2000w, https:\/\/uniejow.pl\/ucop\/wp-content\/uploads\/2026\/03\/61-300x60.jpg 300w, https:\/\/uniejow.pl\/ucop\/wp-content\/uploads\/2026\/03\/61-1024x205.jpg 1024w, https:\/\/uniejow.pl\/ucop\/wp-content\/uploads\/2026\/03\/61-768x154.jpg 768w, https:\/\/uniejow.pl\/ucop\/wp-content\/uploads\/2026\/03\/61-1536x307.jpg 1536w\" sizes=\"auto, (max-width: 720px) 100vw, 720px\" \/><\/summary>\n<p><br>Model oparty na wsp\u00f3\u0142pracy z bran\u017c\u0105 beauty i wellness pozwala wyj\u015b\u0107 poza sam produkt i budowa\u0107 kompleksow\u0105 ofert\u0119 opart\u0105 na do\u015bwiadczeniu klienta. Obejmuje on partnerstwa z hotelami, SPA, gabinetami czy o\u015brodkami odnowy biologicznej.<\/p>\n\n\n\n<p>W praktyce oznacza to tworzenie wsp\u00f3lnych rytua\u0142\u00f3w piel\u0119gnacyjnych, wdra\u017canie autorskich zabieg\u00f3w oraz \u0142\u0105czenie sprzeda\u017cy kosmetyk\u00f3w z us\u0142ugami. Woda geotermalna staje si\u0119 tu centralnym elementem ca\u0142ego do\u015bwiadczenia.<\/p>\n\n\n\n<p>Tego typu wsp\u00f3\u0142praca zwi\u0119ksza widoczno\u015b\u0107 marki, umo\u017cliwia dotarcie do nowych klient\u00f3w i buduje siln\u0105 pozycj\u0119 w ekosystemie lokalnego wellness.<\/p>\n<\/details>\n","protected":false},"excerpt":{"rendered":"<p>Woda geotermalna z Uniejowa otwiera szerokie mo\u017cliwo\u015bci budowania i rozwijania biznesu w bran\u017cy kosmetycznej i wellness. Mo\u017ce by\u0107 wykorzystywana zar\u00f3wno [&#8230;]<\/p>\n<p><a class=\"btn btn-secondary understrap-read-more-link\" href=\"https:\/\/uniejow.pl\/ucop\/modele-biznesowe-i-kierunki-rozwoju-dzialalnosci\/\">Czytaj dalej\u2026<span class=\"screen-reader-text\"> from Modele biznesowe i kierunki rozwoju dzia\u0142alno\u015bci<\/span><\/a><\/p>\n","protected":false},"author":2,"featured_media":2831,"parent":0,"menu_order":0,"comment_status":"closed","ping_status":"closed","template":"","meta":{"_acf_changed":false,"footnotes":""},"class_list":["post-2830","page","type-page","status-publish","has-post-thumbnail","hentry"],"acf":[],"_links":{"self":[{"href":"https:\/\/uniejow.pl\/ucop\/wp-json\/wp\/v2\/pages\/2830","targetHints":{"allow":["GET"]}}],"collection":[{"href":"https:\/\/uniejow.pl\/ucop\/wp-json\/wp\/v2\/pages"}],"about":[{"href":"https:\/\/uniejow.pl\/ucop\/wp-json\/wp\/v2\/types\/page"}],"author":[{"embeddable":true,"href":"https:\/\/uniejow.pl\/ucop\/wp-json\/wp\/v2\/users\/2"}],"replies":[{"embeddable":true,"href":"https:\/\/uniejow.pl\/ucop\/wp-json\/wp\/v2\/comments?post=2830"}],"version-history":[{"count":1,"href":"https:\/\/uniejow.pl\/ucop\/wp-json\/wp\/v2\/pages\/2830\/revisions"}],"predecessor-version":[{"id":2839,"href":"https:\/\/uniejow.pl\/ucop\/wp-json\/wp\/v2\/pages\/2830\/revisions\/2839"}],"wp:featuredmedia":[{"embeddable":true,"href":"https:\/\/uniejow.pl\/ucop\/wp-json\/wp\/v2\/media\/2831"}],"wp:attachment":[{"href":"https:\/\/uniejow.pl\/ucop\/wp-json\/wp\/v2\/media?parent=2830"}],"curies":[{"name":"wp","href":"https:\/\/api.w.org\/{rel}","templated":true}]}}