{"id":31,"date":"2024-10-30T18:26:36","date_gmt":"2024-10-30T18:26:36","guid":{"rendered":"http:\/\/uniejow.local\/?page_id=31"},"modified":"2024-12-02T17:03:15","modified_gmt":"2024-12-02T16:03:15","slug":"o-nas","status":"publish","type":"page","link":"https:\/\/uniejow.pl\/ucop\/o-nas\/","title":{"rendered":"O nas"},"content":{"rendered":"\n<p><strong>O nas<\/strong><\/p>\n\n\n\n<p>Uniejowskie Centrum Obs\u0142ugi Przedsi\u0119biorcy powsta\u0142o jako inicjatywa Gminy Uniej\u00f3w, aby wspiera\u0107 rozw\u00f3j ma\u0142ych i \u015brednich przedsi\u0119biorstw poprzez us\u0142ugi doradcze ukierunkowane na wzrost konkurencyjno\u015bci i innowacyjno\u015bci firm w regionie z sektora kosmetycznego (w tym wellness), rolno-spo\u017cywczego i energetycznego.<\/p>\n\n\n\n<p>Zesp\u00f3\u0142 Centrum tworz\u0105 doradcy, kt\u00f3rzy rozumiej\u0105 wyzwania biznesowe i oferuj\u0105 wsparcie dopasowane do konkretnych bran\u017c. Dzi\u0119ki wsparciu z funduszy Unii Europejskiej oferujemy kompleksowe us\u0142ugi doradcze, kt\u00f3re umo\u017cliwi\u0105 firmom wykorzystanie lokalnego potencja\u0142u do realizacji ambitnych plan\u00f3w rozwojowych, buduj\u0105c ich trwa\u0142\u0105 przewag\u0119 konkurencyjn\u0105 i wspieraj\u0105c ich wzrost na rynku krajowym i zagranicznym.<\/p>\n\n\n\n<p class=\"bold\"><b><br><strong>Nasz zesp\u00f3\u0142:<\/strong><\/b><\/p>\n\n\n\n<figure class=\"wp-block-table\"><table class=\"has-fixed-layout\"><tbody><tr><td><strong>Agnieszka Soli\u0144ska<\/strong> <br>Podinspektor ds. doradztwa przedsi\u0119biorcy w bran\u017cy rolno-spo\u017cywczej<\/td><td><strong>Micha\u0142 \u0141uczak<\/strong> <br>Podinspektor ds. doradztwa przedsi\u0119biorcy w bran\u017cy energetycznej<\/td><td><strong>Weronika Majchrzak<\/strong> <br>Podinspektor ds. doradztwa przedsi\u0119biorcy w\u00a0bran\u017cy kosmetycznej\u00a0<\/td><\/tr><tr><td>Bran\u017ca rolno-spo\u017cywcza&nbsp;<\/td><td>Bran\u017ca energetyczna<\/td><td>Bran\u017ca kosmetyczna (w tym wellnes spa)<\/td><\/tr><tr><td><a href=\"mailto:a.solinska.ucop@uniejow.pl\">a.solinska.ucop@uniejow.pl<\/a>&nbsp;<\/td><td><a href=\"mailto:m.luczak.ucop@uniejow.pl\">m.luczak.ucop@uniejow.pl<\/a>&nbsp;<\/td><td><a href=\"mailto:w.majchrzak.ucop@uniejow.pl\">w.majchrzak.ucop@uniejow.pl<\/a>&nbsp;<\/td><\/tr><\/tbody><\/table><\/figure>\n","protected":false},"excerpt":{"rendered":"<p>O nas Uniejowskie Centrum Obs\u0142ugi Przedsi\u0119biorcy powsta\u0142o jako inicjatywa Gminy Uniej\u00f3w, aby wspiera\u0107 rozw\u00f3j ma\u0142ych i \u015brednich przedsi\u0119biorstw poprzez us\u0142ugi [&#8230;]<\/p>\n<p><a class=\"btn btn-secondary understrap-read-more-link\" href=\"https:\/\/uniejow.pl\/ucop\/o-nas\/\">Czytaj dalej\u2026<span class=\"screen-reader-text\"> from O nas<\/span><\/a><\/p>\n","protected":false},"author":1,"featured_media":0,"parent":0,"menu_order":0,"comment_status":"closed","ping_status":"closed","template":"","meta":{"_acf_changed":false,"footnotes":""},"class_list":["post-31","page","type-page","status-publish","hentry"],"acf":[],"_links":{"self":[{"href":"https:\/\/uniejow.pl\/ucop\/wp-json\/wp\/v2\/pages\/31","targetHints":{"allow":["GET"]}}],"collection":[{"href":"https:\/\/uniejow.pl\/ucop\/wp-json\/wp\/v2\/pages"}],"about":[{"href":"https:\/\/uniejow.pl\/ucop\/wp-json\/wp\/v2\/types\/page"}],"author":[{"embeddable":true,"href":"https:\/\/uniejow.pl\/ucop\/wp-json\/wp\/v2\/users\/1"}],"replies":[{"embeddable":true,"href":"https:\/\/uniejow.pl\/ucop\/wp-json\/wp\/v2\/comments?post=31"}],"version-history":[{"count":14,"href":"https:\/\/uniejow.pl\/ucop\/wp-json\/wp\/v2\/pages\/31\/revisions"}],"predecessor-version":[{"id":256,"href":"https:\/\/uniejow.pl\/ucop\/wp-json\/wp\/v2\/pages\/31\/revisions\/256"}],"wp:attachment":[{"href":"https:\/\/uniejow.pl\/ucop\/wp-json\/wp\/v2\/media?parent=31"}],"curies":[{"name":"wp","href":"https:\/\/api.w.org\/{rel}","templated":true}]}}

<p><strong>O nas</strong></p>



<p>Uniejowskie Centrum Obsługi Przedsiębiorcy powstało jako inicjatywa Gminy Uniejów, aby wspierać rozwój małych i średnich przedsiębiorstw poprzez usługi doradcze ukierunkowane na wzrost konkurencyjności i innowacyjności firm w regionie z sektora kosmetycznego (w tym wellness), rolno-spożywczego i energetycznego.</p>



<p>Zespół Centrum tworzą doradcy, którzy rozumieją wyzwania biznesowe i oferują wsparcie dopasowane do konkretnych branż. Dzięki wsparciu z funduszy Unii Europejskiej oferujemy kompleksowe usługi doradcze, które umożliwią firmom wykorzystanie lokalnego potencjału do realizacji ambitnych planów rozwojowych, budując ich trwałą przewagę konkurencyjną i wspierając ich wzrost na rynku krajowym i zagranicznym.</p>



<p class="bold"><b><br><strong>Nasz zespół:</strong></b></p>



<figure class="wp-block-table"><table class="has-fixed-layout"><tbody><tr><td><strong>Agnieszka Solińska</strong> <br>Podinspektor ds. doradztwa przedsiębiorcy w branży rolno-spożywczej</td><td><strong>Michał Łuczak</strong> <br>Podinspektor ds. doradztwa przedsiębiorcy w branży energetycznej</td><td><strong>Weronika Majchrzak</strong> <br>Podinspektor ds. doradztwa przedsiębiorcy w branży kosmetycznej </td></tr><tr><td>Branża rolno-spożywcza&nbsp;</td><td>Branża energetyczna</td><td>Branża kosmetyczna (w tym wellnes spa)</td></tr><tr><td><a href="mailto:a.solinska.ucop@uniejow.pl">a.solinska.ucop@uniejow.pl</a>&nbsp;</td><td><a href="mailto:m.luczak.ucop@uniejow.pl">m.luczak.ucop@uniejow.pl</a>&nbsp;</td><td><a href="mailto:w.majchrzak.ucop@uniejow.pl">w.majchrzak.ucop@uniejow.pl</a>&nbsp;</td></tr></tbody></table></figure>

<p>O nas Uniejowskie Centrum Obsługi Przedsiębiorcy powstało jako inicjatywa Gminy Uniejów, aby wspierać rozwój małych i średnich przedsiębiorstw poprzez usługi [&#8230;]</p>
<p><a class="btn btn-secondary understrap-read-more-link" href="https://uniejow.pl/ucop/o-nas/">Czytaj dalej…<span class="screen-reader-text"> from O nas</span></a></p>
