{"id":338,"date":"2024-12-05T10:43:49","date_gmt":"2024-12-05T09:43:49","guid":{"rendered":"https:\/\/uniejow.pl\/ucop\/?page_id=338"},"modified":"2025-03-17T09:38:04","modified_gmt":"2025-03-17T08:38:04","slug":"promocja","status":"publish","type":"page","link":"https:\/\/uniejow.pl\/ucop\/promocja\/","title":{"rendered":"Targi i wydarzenia promocyjne"},"content":{"rendered":"\n<p>W tym miejscu znajdziesz informacje o wydarzeniach promocyjnych: m.in targach lub innych wydarzeniach bran\u017cowych, zwi\u0105zanych z bran\u017c\u0105 energetyczn\u0105, rolno-spo\u017cywcz\u0105 i kosmetyczn\u0105 (w tym wellness). Je\u015bli jeste\u015b zainteresowany udzia\u0142em w kt\u00f3rym\u015b z wydarze\u0144 &#8211; odwied\u017a nasze biuro &#8211; ch\u0119tnie pomo\u017cemy w rejestracji.<\/p>\n\n\n\n<p><\/p>\n\n\n\n<div class=\"wp-block-buttons is-layout-flex wp-block-buttons-is-layout-flex\">\n<div class=\"wp-block-button is-style-outline is-style-outline--1\"><a class=\"wp-block-button__link wp-element-button\" href=\"https:\/\/uniejow.pl\/ucop\/wydarzenia-promocyjne-z-branzy-rolno-spozywczej\/\" style=\"border-radius:0px\">BRAN\u017bA <br>ROLNO-SPO\u017bYWCZA<\/a><\/div>\n\n\n\n<div class=\"wp-block-button is-style-outline is-style-outline--2\"><a class=\"wp-block-button__link wp-element-button\" href=\"https:\/\/uniejow.pl\/ucop\/wydarzenia-promocyjne-z-branzy-kosmetycznej\/\" style=\"border-radius:0px\">         BRAN\u017bA          <br>      KOSMETYCZNA       <\/a><\/div>\n\n\n\n<div class=\"wp-block-button is-style-outline is-style-outline--3\"><a class=\"wp-block-button__link wp-element-button\" href=\"https:\/\/uniejow.pl\/ucop\/wydarzenia-promocyjne-z-branzy-energetycznej\/\" style=\"border-radius:0px\">       BRAN\u017bA     <br>        ENERGETYCZNA       <\/a><\/div>\n<\/div>\n\n\n\n<h2 class=\"wp-block-heading has-text-align-left\"><\/h2>\n\n\n\n<p><\/p>\n\n\n\n<p><\/p>\n","protected":false},"excerpt":{"rendered":"<p>W tym miejscu znajdziesz informacje o wydarzeniach promocyjnych: m.in targach lub innych wydarzeniach bran\u017cowych, zwi\u0105zanych z bran\u017c\u0105 energetyczn\u0105, rolno-spo\u017cywcz\u0105 i [&#8230;]<\/p>\n<p><a class=\"btn btn-secondary understrap-read-more-link\" href=\"https:\/\/uniejow.pl\/ucop\/promocja\/\">Czytaj dalej\u2026<span class=\"screen-reader-text\"> from Targi i wydarzenia promocyjne<\/span><\/a><\/p>\n","protected":false},"author":2,"featured_media":0,"parent":0,"menu_order":0,"comment_status":"closed","ping_status":"closed","template":"","meta":{"_acf_changed":false,"footnotes":"[]"},"class_list":["post-338","page","type-page","status-publish","hentry"],"acf":[],"_links":{"self":[{"href":"https:\/\/uniejow.pl\/ucop\/wp-json\/wp\/v2\/pages\/338","targetHints":{"allow":["GET"]}}],"collection":[{"href":"https:\/\/uniejow.pl\/ucop\/wp-json\/wp\/v2\/pages"}],"about":[{"href":"https:\/\/uniejow.pl\/ucop\/wp-json\/wp\/v2\/types\/page"}],"author":[{"embeddable":true,"href":"https:\/\/uniejow.pl\/ucop\/wp-json\/wp\/v2\/users\/2"}],"replies":[{"embeddable":true,"href":"https:\/\/uniejow.pl\/ucop\/wp-json\/wp\/v2\/comments?post=338"}],"version-history":[{"count":16,"href":"https:\/\/uniejow.pl\/ucop\/wp-json\/wp\/v2\/pages\/338\/revisions"}],"predecessor-version":[{"id":1305,"href":"https:\/\/uniejow.pl\/ucop\/wp-json\/wp\/v2\/pages\/338\/revisions\/1305"}],"wp:attachment":[{"href":"https:\/\/uniejow.pl\/ucop\/wp-json\/wp\/v2\/media?parent=338"}],"curies":[{"name":"wp","href":"https:\/\/api.w.org\/{rel}","templated":true}]}}