{"id":446,"date":"2024-12-10T13:33:08","date_gmt":"2024-12-10T12:33:08","guid":{"rendered":"https:\/\/uniejow.pl\/ucop\/?page_id=446"},"modified":"2026-03-30T15:42:03","modified_gmt":"2026-03-30T14:42:03","slug":"wydarzenia-promocyjne-z-branzy-energetycznej","status":"publish","type":"page","link":"https:\/\/uniejow.pl\/ucop\/wydarzenia-promocyjne-z-branzy-energetycznej\/","title":{"rendered":"TARGI &#8211; BRAN\u017bA ENERGETYCZNA"},"content":{"rendered":"\n<p><\/p>\n\n\n\n<div class=\"wp-block-media-text is-stacked-on-mobile\" style=\"grid-template-columns:32% auto\"><figure class=\"wp-block-media-text__media\"><a href=\"https:\/\/solarenergyexpo.com\/\"><img loading=\"lazy\" decoding=\"async\" width=\"700\" height=\"400\" src=\"https:\/\/uniejow.pl\/ucop\/wp-content\/uploads\/2025\/12\/solarenergy.webp\" alt=\"\" class=\"wp-image-2197 size-full\" srcset=\"https:\/\/uniejow.pl\/ucop\/wp-content\/uploads\/2025\/12\/solarenergy.webp 700w, https:\/\/uniejow.pl\/ucop\/wp-content\/uploads\/2025\/12\/solarenergy-300x171.webp 300w\" sizes=\"auto, (max-width: 700px) 100vw, 700px\" \/><\/a><\/figure><div class=\"wp-block-media-text__content\">\n<p>13 &#8211; 15 stycznia 2026<\/p>\n\n\n\n<p>Solar Energy Expo &#8211; bran\u017cowe targi przemys\u0142u odnawialnych \u017ar\u00f3de\u0142 energii<\/p>\n\n\n\n<p><\/p>\n<\/div><\/div>\n\n\n\n<div class=\"wp-block-media-text is-stacked-on-mobile\" style=\"grid-template-columns:33% auto\"><figure class=\"wp-block-media-text__media\"><a href=\"https:\/\/warsawhvacexpo.com\/\"><img loading=\"lazy\" decoding=\"async\" width=\"225\" height=\"225\" src=\"https:\/\/uniejow.pl\/ucop\/wp-content\/uploads\/2025\/12\/hvac.png\" alt=\"\" class=\"wp-image-2202 size-full\" srcset=\"https:\/\/uniejow.pl\/ucop\/wp-content\/uploads\/2025\/12\/hvac.png 225w, https:\/\/uniejow.pl\/ucop\/wp-content\/uploads\/2025\/12\/hvac-150x150.png 150w\" sizes=\"auto, (max-width: 225px) 100vw, 225px\" \/><\/a><\/figure><div class=\"wp-block-media-text__content\">\n<p>24 &#8211; 26 luty 2026<\/p>\n\n\n\n<p>Targi HVAC &#8211; Mi\u0119dzynarodowe targi techniki grzewczej, wentylacji i klimatyzacji<\/p>\n<\/div><\/div>\n\n\n\n<div class=\"wp-block-media-text is-stacked-on-mobile\" style=\"grid-template-columns:34% auto\"><figure class=\"wp-block-media-text__media\"><a href=\"https:\/\/www.targikielce.pl\/enex\"><img loading=\"lazy\" decoding=\"async\" width=\"520\" height=\"312\" src=\"https:\/\/uniejow.pl\/ucop\/wp-content\/uploads\/2025\/12\/enex-1.jpg\" alt=\"\" class=\"wp-image-2206 size-full\" srcset=\"https:\/\/uniejow.pl\/ucop\/wp-content\/uploads\/2025\/12\/enex-1.jpg 520w, https:\/\/uniejow.pl\/ucop\/wp-content\/uploads\/2025\/12\/enex-1-300x180.jpg 300w\" sizes=\"auto, (max-width: 520px) 100vw, 520px\" \/><\/a><\/figure><div class=\"wp-block-media-text__content\">\n<p>04 &#8211; 05 marzec 2026<\/p>\n\n\n\n<p>XXVII Mi\u0119dzynarodowe Targi Energetyki i Elektrotechniki oraz Odnawialnych \u0179r\u00f3de\u0142 Energii ENEX<\/p>\n<\/div><\/div>\n\n\n\n<div class=\"wp-block-media-text is-stacked-on-mobile\" style=\"grid-template-columns:33% auto\"><figure class=\"wp-block-media-text__media\"><a href=\"https:\/\/powerconnect.pl\/targi\/?gad_source=1&amp;gad_campaignid=22974030614&amp;gbraid=0AAAAAogMvermHI10BcbHcJaL70A5nczgq&amp;gclid=CjwKCAiAoNbIBhB5EiwAZFbYGOIE9jr99ii7EG9kI47GMaDiMg538ZLGYBtlKpTbH3Nsmiirx3qakhoCcvAQAvD_BwE\"><img loading=\"lazy\" decoding=\"async\" width=\"384\" height=\"131\" src=\"https:\/\/uniejow.pl\/ucop\/wp-content\/uploads\/2025\/11\/power-connect.png\" alt=\"\" class=\"wp-image-2172 size-full\" srcset=\"https:\/\/uniejow.pl\/ucop\/wp-content\/uploads\/2025\/11\/power-connect.png 384w, https:\/\/uniejow.pl\/ucop\/wp-content\/uploads\/2025\/11\/power-connect-300x102.png 300w\" sizes=\"auto, (max-width: 384px) 100vw, 384px\" \/><\/a><\/figure><div class=\"wp-block-media-text__content\">\n<p>18 &#8211; 20 marca 2026<\/p>\n\n\n\n<p>Targi Energetyczne Power Connect 2026<\/p>\n<\/div><\/div>\n\n\n\n<p><\/p>\n\n\n\n<div class=\"wp-block-media-text is-stacked-on-mobile\" style=\"grid-template-columns:31% auto\"><figure class=\"wp-block-media-text__media\"><a href=\"https:\/\/www.mtp.pl\/pl?utm_source=targi.com&amp;utm_medium=event_page&amp;utm_campaign=premium\"><img loading=\"lazy\" decoding=\"async\" width=\"386\" height=\"131\" src=\"https:\/\/uniejow.pl\/ucop\/wp-content\/uploads\/2026\/03\/instalacje.jpg\" alt=\"\" class=\"wp-image-2876 size-full\" srcset=\"https:\/\/uniejow.pl\/ucop\/wp-content\/uploads\/2026\/03\/instalacje.jpg 386w, https:\/\/uniejow.pl\/ucop\/wp-content\/uploads\/2026\/03\/instalacje-300x102.jpg 300w\" sizes=\"auto, (max-width: 386px) 100vw, 386px\" \/><\/a><\/figure><div class=\"wp-block-media-text__content\">\n<p>14 &#8211; 16 kwietnia 2026<\/p>\n\n\n\n<p>Mi\u0119dzynarodowe Targi Instalacyjne<\/p>\n\n\n\n<p><\/p>\n<\/div><\/div>\n\n\n\n<p><\/p>\n\n\n\n<div class=\"wp-block-media-text is-stacked-on-mobile\" style=\"grid-template-columns:31% auto\"><figure class=\"wp-block-media-text__media\"><a href=\"https:\/\/futureenergyweekpoland.com\/\"><img loading=\"lazy\" decoding=\"async\" width=\"500\" height=\"500\" src=\"https:\/\/uniejow.pl\/ucop\/wp-content\/uploads\/2025\/12\/future-energy.jpg\" alt=\"\" class=\"wp-image-2209 size-full\" srcset=\"https:\/\/uniejow.pl\/ucop\/wp-content\/uploads\/2025\/12\/future-energy.jpg 500w, https:\/\/uniejow.pl\/ucop\/wp-content\/uploads\/2025\/12\/future-energy-300x300.jpg 300w, https:\/\/uniejow.pl\/ucop\/wp-content\/uploads\/2025\/12\/future-energy-150x150.jpg 150w\" sizes=\"auto, (max-width: 500px) 100vw, 500px\" \/><\/a><\/figure><div class=\"wp-block-media-text__content\">\n<p>14 &#8211; 16 kwietnia 2026<\/p>\n\n\n\n<p>Future Energy Week Poland &#8211; Targi Transformacji Energetycznej                                                  i Technologii Niskoemisyjnych<\/p>\n<\/div><\/div>\n\n\n\n<div class=\"wp-block-media-text is-stacked-on-mobile\" style=\"grid-template-columns:31% auto\"><figure class=\"wp-block-media-text__media\"><a href=\"https:\/\/intarg.haller.pl\/ekologia.html?utm_source=targi.com&amp;utm_medium=event_page&amp;utm_campaign=premium\"><img loading=\"lazy\" decoding=\"async\" width=\"748\" height=\"220\" src=\"https:\/\/uniejow.pl\/ucop\/wp-content\/uploads\/2026\/03\/INTARG-EKO-TLO-TRANSPARENT.webp\" alt=\"\" class=\"wp-image-2873 size-full\" srcset=\"https:\/\/uniejow.pl\/ucop\/wp-content\/uploads\/2026\/03\/INTARG-EKO-TLO-TRANSPARENT.webp 748w, https:\/\/uniejow.pl\/ucop\/wp-content\/uploads\/2026\/03\/INTARG-EKO-TLO-TRANSPARENT-300x88.webp 300w\" sizes=\"auto, (max-width: 748px) 100vw, 748px\" \/><\/a><\/figure><div class=\"wp-block-media-text__content\">\n<p>2 &#8211; 3 czerwca 2026<\/p>\n\n\n\n<p>Mi\u0119dzynarodowe Targi Ekologii i Ochrony \u015arodowiska INTARG\u00ae EKO 2026<\/p>\n<\/div><\/div>\n\n\n\n<p><\/p>\n\n\n\n<div class=\"wp-block-media-text is-stacked-on-mobile\" style=\"grid-template-columns:32% auto\"><figure class=\"wp-block-media-text__media\"><a href=\"https:\/\/heatingtechexpo.com\/dla-odwiedzajacych\/\"><img loading=\"lazy\" decoding=\"async\" width=\"403\" height=\"125\" src=\"https:\/\/uniejow.pl\/ucop\/wp-content\/uploads\/2026\/03\/heating-tech.jpg\" alt=\"\" class=\"wp-image-2870 size-full\" srcset=\"https:\/\/uniejow.pl\/ucop\/wp-content\/uploads\/2026\/03\/heating-tech.jpg 403w, https:\/\/uniejow.pl\/ucop\/wp-content\/uploads\/2026\/03\/heating-tech-300x93.jpg 300w\" sizes=\"auto, (max-width: 403px) 100vw, 403px\" \/><\/a><\/figure><div class=\"wp-block-media-text__content\">\n<p>8 &#8211; 10 wrze\u015bnia 2026<\/p>\n\n\n\n<p>Bran\u017cowe Targi Technologii Grzewczych <\/p>\n<\/div><\/div>\n\n\n\n<p><\/p>\n\n\n\n<div class=\"wp-block-media-text is-stacked-on-mobile\" style=\"grid-template-columns:32% auto\"><figure class=\"wp-block-media-text__media\"><a href=\"https:\/\/energetab.pl\/\"><img loading=\"lazy\" decoding=\"async\" width=\"1024\" height=\"576\" src=\"https:\/\/uniejow.pl\/ucop\/wp-content\/uploads\/2026\/03\/Energetab_2026_baner_www-1024x576.jpg\" alt=\"\" class=\"wp-image-2869 size-full\" srcset=\"https:\/\/uniejow.pl\/ucop\/wp-content\/uploads\/2026\/03\/Energetab_2026_baner_www-1024x576.jpg 1024w, https:\/\/uniejow.pl\/ucop\/wp-content\/uploads\/2026\/03\/Energetab_2026_baner_www-300x169.jpg 300w, https:\/\/uniejow.pl\/ucop\/wp-content\/uploads\/2026\/03\/Energetab_2026_baner_www-768x432.jpg 768w, https:\/\/uniejow.pl\/ucop\/wp-content\/uploads\/2026\/03\/Energetab_2026_baner_www-1536x864.jpg 1536w, https:\/\/uniejow.pl\/ucop\/wp-content\/uploads\/2026\/03\/Energetab_2026_baner_www.jpg 1920w\" sizes=\"auto, (max-width: 1024px) 100vw, 1024px\" \/><\/a><\/figure><div class=\"wp-block-media-text__content\">\n<p>15\u201317 wrze\u015bnia 2026<\/p>\n\n\n\n<p>ENERGETAB &#8211; Mi\u0119dzynarodowe energetyczne Targi Bielskie<\/p>\n<\/div><\/div>\n\n\n\n<p><\/p>\n\n\n\n<p><strong>Wydarzenia zwi\u0105zane z realizacj\u0105 projektu \u201eUmi\u0119dzynarodowienie M\u015aP \u2013 Brand HUB\u201d:<\/strong><\/p>\n\n\n\n<div class=\"wp-block-media-text is-stacked-on-mobile\" style=\"grid-template-columns:31% auto\"><figure class=\"wp-block-media-text__media\"><a href=\"https:\/\/www.intersolar.de\/home\"><img loading=\"lazy\" decoding=\"async\" width=\"768\" height=\"354\" src=\"https:\/\/uniejow.pl\/ucop\/wp-content\/uploads\/2025\/02\/intersolar.jpeg\" alt=\"\" class=\"wp-image-1051 size-full\" srcset=\"https:\/\/uniejow.pl\/ucop\/wp-content\/uploads\/2025\/02\/intersolar.jpeg 768w, https:\/\/uniejow.pl\/ucop\/wp-content\/uploads\/2025\/02\/intersolar-300x138.jpeg 300w\" sizes=\"auto, (max-width: 768px) 100vw, 768px\" \/><\/a><\/figure><div class=\"wp-block-media-text__content\">\n<p>6 &#8211; 9 maja 2025<\/p>\n\n\n\n<p>Intersolar Europe Monachium 2025<\/p>\n<\/div><\/div>\n","protected":false},"excerpt":{"rendered":"<p>13 &#8211; 15 stycznia 2026 Solar Energy Expo &#8211; bran\u017cowe targi przemys\u0142u odnawialnych \u017ar\u00f3de\u0142 energii 24 &#8211; 26 luty 2026 [&#8230;]<\/p>\n<p><a class=\"btn btn-secondary understrap-read-more-link\" href=\"https:\/\/uniejow.pl\/ucop\/wydarzenia-promocyjne-z-branzy-energetycznej\/\">Czytaj dalej\u2026<span class=\"screen-reader-text\"> from TARGI &#8211; BRAN\u017bA ENERGETYCZNA<\/span><\/a><\/p>\n","protected":false},"author":2,"featured_media":0,"parent":0,"menu_order":0,"comment_status":"closed","ping_status":"closed","template":"","meta":{"_acf_changed":false,"footnotes":""},"class_list":["post-446","page","type-page","status-publish","hentry"],"acf":[],"_links":{"self":[{"href":"https:\/\/uniejow.pl\/ucop\/wp-json\/wp\/v2\/pages\/446","targetHints":{"allow":["GET"]}}],"collection":[{"href":"https:\/\/uniejow.pl\/ucop\/wp-json\/wp\/v2\/pages"}],"about":[{"href":"https:\/\/uniejow.pl\/ucop\/wp-json\/wp\/v2\/types\/page"}],"author":[{"embeddable":true,"href":"https:\/\/uniejow.pl\/ucop\/wp-json\/wp\/v2\/users\/2"}],"replies":[{"embeddable":true,"href":"https:\/\/uniejow.pl\/ucop\/wp-json\/wp\/v2\/comments?post=446"}],"version-history":[{"count":74,"href":"https:\/\/uniejow.pl\/ucop\/wp-json\/wp\/v2\/pages\/446\/revisions"}],"predecessor-version":[{"id":2879,"href":"https:\/\/uniejow.pl\/ucop\/wp-json\/wp\/v2\/pages\/446\/revisions\/2879"}],"wp:attachment":[{"href":"https:\/\/uniejow.pl\/ucop\/wp-json\/wp\/v2\/media?parent=446"}],"curies":[{"name":"wp","href":"https:\/\/api.w.org\/{rel}","templated":true}]}}

TARGI &#8211; BRANŻA ENERGETYCZNA

<p></p>



<div class="wp-block-media-text is-stacked-on-mobile" style="grid-template-columns:32% auto"><figure class="wp-block-media-text__media"><a href="https://solarenergyexpo.com/"><img loading="lazy" decoding="async" width="700" height="400" src="https://uniejow.pl/ucop/wp-content/uploads/2025/12/solarenergy.webp" alt="" class="wp-image-2197 size-full" srcset="https://uniejow.pl/ucop/wp-content/uploads/2025/12/solarenergy.webp 700w, https://uniejow.pl/ucop/wp-content/uploads/2025/12/solarenergy-300x171.webp 300w" sizes="auto, (max-width: 700px) 100vw, 700px" /></a></figure><div class="wp-block-media-text__content">
<p>13 &#8211; 15 stycznia 2026</p>



<p>Solar Energy Expo &#8211; branżowe targi przemysłu odnawialnych źródeł energii</p>



<p></p>
</div></div>



<div class="wp-block-media-text is-stacked-on-mobile" style="grid-template-columns:33% auto"><figure class="wp-block-media-text__media"><a href="https://warsawhvacexpo.com/"><img loading="lazy" decoding="async" width="225" height="225" src="https://uniejow.pl/ucop/wp-content/uploads/2025/12/hvac.png" alt="" class="wp-image-2202 size-full" srcset="https://uniejow.pl/ucop/wp-content/uploads/2025/12/hvac.png 225w, https://uniejow.pl/ucop/wp-content/uploads/2025/12/hvac-150x150.png 150w" sizes="auto, (max-width: 225px) 100vw, 225px" /></a></figure><div class="wp-block-media-text__content">
<p>24 &#8211; 26 luty 2026</p>



<p>Targi HVAC &#8211; Międzynarodowe targi techniki grzewczej, wentylacji i klimatyzacji</p>
</div></div>



<div class="wp-block-media-text is-stacked-on-mobile" style="grid-template-columns:34% auto"><figure class="wp-block-media-text__media"><a href="https://www.targikielce.pl/enex"><img loading="lazy" decoding="async" width="520" height="312" src="https://uniejow.pl/ucop/wp-content/uploads/2025/12/enex-1.jpg" alt="" class="wp-image-2206 size-full" srcset="https://uniejow.pl/ucop/wp-content/uploads/2025/12/enex-1.jpg 520w, https://uniejow.pl/ucop/wp-content/uploads/2025/12/enex-1-300x180.jpg 300w" sizes="auto, (max-width: 520px) 100vw, 520px" /></a></figure><div class="wp-block-media-text__content">
<p>04 &#8211; 05 marzec 2026</p>



<p>XXVII Międzynarodowe Targi Energetyki i Elektrotechniki oraz Odnawialnych Źródeł Energii ENEX</p>
</div></div>



<div class="wp-block-media-text is-stacked-on-mobile" style="grid-template-columns:33% auto"><figure class="wp-block-media-text__media"><a href="https://powerconnect.pl/targi/?gad_source=1&amp;gad_campaignid=22974030614&amp;gbraid=0AAAAAogMvermHI10BcbHcJaL70A5nczgq&amp;gclid=CjwKCAiAoNbIBhB5EiwAZFbYGOIE9jr99ii7EG9kI47GMaDiMg538ZLGYBtlKpTbH3Nsmiirx3qakhoCcvAQAvD_BwE"><img loading="lazy" decoding="async" width="384" height="131" src="https://uniejow.pl/ucop/wp-content/uploads/2025/11/power-connect.png" alt="" class="wp-image-2172 size-full" srcset="https://uniejow.pl/ucop/wp-content/uploads/2025/11/power-connect.png 384w, https://uniejow.pl/ucop/wp-content/uploads/2025/11/power-connect-300x102.png 300w" sizes="auto, (max-width: 384px) 100vw, 384px" /></a></figure><div class="wp-block-media-text__content">
<p>18 &#8211; 20 marca 2026</p>



<p>Targi Energetyczne Power Connect 2026</p>
</div></div>



<p></p>



<div class="wp-block-media-text is-stacked-on-mobile" style="grid-template-columns:31% auto"><figure class="wp-block-media-text__media"><a href="https://www.mtp.pl/pl?utm_source=targi.com&amp;utm_medium=event_page&amp;utm_campaign=premium"><img loading="lazy" decoding="async" width="386" height="131" src="https://uniejow.pl/ucop/wp-content/uploads/2026/03/instalacje.jpg" alt="" class="wp-image-2876 size-full" srcset="https://uniejow.pl/ucop/wp-content/uploads/2026/03/instalacje.jpg 386w, https://uniejow.pl/ucop/wp-content/uploads/2026/03/instalacje-300x102.jpg 300w" sizes="auto, (max-width: 386px) 100vw, 386px" /></a></figure><div class="wp-block-media-text__content">
<p>14 &#8211; 16 kwietnia 2026</p>



<p>Międzynarodowe Targi Instalacyjne</p>



<p></p>
</div></div>



<p></p>



<div class="wp-block-media-text is-stacked-on-mobile" style="grid-template-columns:31% auto"><figure class="wp-block-media-text__media"><a href="https://futureenergyweekpoland.com/"><img loading="lazy" decoding="async" width="500" height="500" src="https://uniejow.pl/ucop/wp-content/uploads/2025/12/future-energy.jpg" alt="" class="wp-image-2209 size-full" srcset="https://uniejow.pl/ucop/wp-content/uploads/2025/12/future-energy.jpg 500w, https://uniejow.pl/ucop/wp-content/uploads/2025/12/future-energy-300x300.jpg 300w, https://uniejow.pl/ucop/wp-content/uploads/2025/12/future-energy-150x150.jpg 150w" sizes="auto, (max-width: 500px) 100vw, 500px" /></a></figure><div class="wp-block-media-text__content">
<p>14 &#8211; 16 kwietnia 2026</p>



<p>Future Energy Week Poland &#8211; Targi Transformacji Energetycznej                                                  i Technologii Niskoemisyjnych</p>
</div></div>



<div class="wp-block-media-text is-stacked-on-mobile" style="grid-template-columns:31% auto"><figure class="wp-block-media-text__media"><a href="https://intarg.haller.pl/ekologia.html?utm_source=targi.com&amp;utm_medium=event_page&amp;utm_campaign=premium"><img loading="lazy" decoding="async" width="748" height="220" src="https://uniejow.pl/ucop/wp-content/uploads/2026/03/INTARG-EKO-TLO-TRANSPARENT.webp" alt="" class="wp-image-2873 size-full" srcset="https://uniejow.pl/ucop/wp-content/uploads/2026/03/INTARG-EKO-TLO-TRANSPARENT.webp 748w, https://uniejow.pl/ucop/wp-content/uploads/2026/03/INTARG-EKO-TLO-TRANSPARENT-300x88.webp 300w" sizes="auto, (max-width: 748px) 100vw, 748px" /></a></figure><div class="wp-block-media-text__content">
<p>2 &#8211; 3 czerwca 2026</p>



<p>Międzynarodowe Targi Ekologii i Ochrony Środowiska INTARG® EKO 2026</p>
</div></div>



<p></p>



<div class="wp-block-media-text is-stacked-on-mobile" style="grid-template-columns:32% auto"><figure class="wp-block-media-text__media"><a href="https://heatingtechexpo.com/dla-odwiedzajacych/"><img loading="lazy" decoding="async" width="403" height="125" src="https://uniejow.pl/ucop/wp-content/uploads/2026/03/heating-tech.jpg" alt="" class="wp-image-2870 size-full" srcset="https://uniejow.pl/ucop/wp-content/uploads/2026/03/heating-tech.jpg 403w, https://uniejow.pl/ucop/wp-content/uploads/2026/03/heating-tech-300x93.jpg 300w" sizes="auto, (max-width: 403px) 100vw, 403px" /></a></figure><div class="wp-block-media-text__content">
<p>8 &#8211; 10 września 2026</p>



<p>Branżowe Targi Technologii Grzewczych </p>
</div></div>



<p></p>



<div class="wp-block-media-text is-stacked-on-mobile" style="grid-template-columns:32% auto"><figure class="wp-block-media-text__media"><a href="https://energetab.pl/"><img loading="lazy" decoding="async" width="1024" height="576" src="https://uniejow.pl/ucop/wp-content/uploads/2026/03/Energetab_2026_baner_www-1024x576.jpg" alt="" class="wp-image-2869 size-full" srcset="https://uniejow.pl/ucop/wp-content/uploads/2026/03/Energetab_2026_baner_www-1024x576.jpg 1024w, https://uniejow.pl/ucop/wp-content/uploads/2026/03/Energetab_2026_baner_www-300x169.jpg 300w, https://uniejow.pl/ucop/wp-content/uploads/2026/03/Energetab_2026_baner_www-768x432.jpg 768w, https://uniejow.pl/ucop/wp-content/uploads/2026/03/Energetab_2026_baner_www-1536x864.jpg 1536w, https://uniejow.pl/ucop/wp-content/uploads/2026/03/Energetab_2026_baner_www.jpg 1920w" sizes="auto, (max-width: 1024px) 100vw, 1024px" /></a></figure><div class="wp-block-media-text__content">
<p>15–17 września 2026</p>



<p>ENERGETAB &#8211; Międzynarodowe energetyczne Targi Bielskie</p>
</div></div>



<p></p>



<p><strong>Wydarzenia związane z realizacją projektu „Umiędzynarodowienie MŚP – Brand HUB”:</strong></p>



<div class="wp-block-media-text is-stacked-on-mobile" style="grid-template-columns:31% auto"><figure class="wp-block-media-text__media"><a href="https://www.intersolar.de/home"><img loading="lazy" decoding="async" width="768" height="354" src="https://uniejow.pl/ucop/wp-content/uploads/2025/02/intersolar.jpeg" alt="" class="wp-image-1051 size-full" srcset="https://uniejow.pl/ucop/wp-content/uploads/2025/02/intersolar.jpeg 768w, https://uniejow.pl/ucop/wp-content/uploads/2025/02/intersolar-300x138.jpeg 300w" sizes="auto, (max-width: 768px) 100vw, 768px" /></a></figure><div class="wp-block-media-text__content">
<p>6 &#8211; 9 maja 2025</p>



<p>Intersolar Europe Monachium 2025</p>
</div></div>

<p>13 &#8211; 15 stycznia 2026 Solar Energy Expo &#8211; branżowe targi przemysłu odnawialnych źródeł energii 24 &#8211; 26 luty 2026 [&#8230;]</p>
<p><a class="btn btn-secondary understrap-read-more-link" href="https://uniejow.pl/ucop/wydarzenia-promocyjne-z-branzy-energetycznej/">Czytaj dalej…<span class="screen-reader-text"> from TARGI &#8211; BRANŻA ENERGETYCZNA</span></a></p>
