{"id":454,"date":"2024-12-16T10:03:02","date_gmt":"2024-12-16T09:03:02","guid":{"rendered":"https:\/\/uniejow.pl\/ucop\/?page_id=454"},"modified":"2025-03-18T09:05:21","modified_gmt":"2025-03-18T08:05:21","slug":"inwestowanie","status":"publish","type":"page","link":"https:\/\/uniejow.pl\/ucop\/inwestowanie\/","title":{"rendered":"INWESTOWANIE"},"content":{"rendered":"\n<p>W tej sekcji znajdziesz przydatne informacje dotycz\u0105ce mo\u017cliwo\u015bci inwestycyjnych dla Twojego biznesu. W przypadku pyta\u0144 zapraszamy do kontaktu z naszym biurem.<\/p>\n\n\n\n<div class=\"wp-block-group is-nowrap is-layout-flex wp-container-core-group-is-layout-ad2f72ca wp-block-group-is-layout-flex\">\n<figure class=\"wp-block-image size-large is-resized\"><a href=\"https:\/\/uniejow.pl\/nieruchomosci\/\"><img loading=\"lazy\" decoding=\"async\" width=\"1024\" height=\"576\" src=\"https:\/\/uniejow.pl\/ucop\/wp-content\/uploads\/2024\/12\/Inwestuj-w-Gminie-Uniejow-1024x576.png\" alt=\"\" class=\"wp-image-470\" style=\"width:301px;height:auto\" srcset=\"https:\/\/uniejow.pl\/ucop\/wp-content\/uploads\/2024\/12\/Inwestuj-w-Gminie-Uniejow-1024x576.png 1024w, https:\/\/uniejow.pl\/ucop\/wp-content\/uploads\/2024\/12\/Inwestuj-w-Gminie-Uniejow-300x169.png 300w, https:\/\/uniejow.pl\/ucop\/wp-content\/uploads\/2024\/12\/Inwestuj-w-Gminie-Uniejow-768x432.png 768w, https:\/\/uniejow.pl\/ucop\/wp-content\/uploads\/2024\/12\/Inwestuj-w-Gminie-Uniejow.png 1280w\" sizes=\"auto, (max-width: 1024px) 100vw, 1024px\" \/><\/a><\/figure>\n\n\n\n<div class=\"wp-block-group is-nowrap is-layout-flex wp-container-core-group-is-layout-ad2f72ca wp-block-group-is-layout-flex\">\n<figure class=\"wp-block-image size-large is-resized\"><a href=\"https:\/\/www.paih.gov.pl\/dlaczego_polska\/doradztwo_inwestycyjne\/\"><img loading=\"lazy\" decoding=\"async\" width=\"1024\" height=\"576\" src=\"https:\/\/uniejow.pl\/ucop\/wp-content\/uploads\/2024\/12\/wsparcie-inwestora-1-1024x576.png\" alt=\"\" class=\"wp-image-478\" style=\"width:307px;height:auto\" srcset=\"https:\/\/uniejow.pl\/ucop\/wp-content\/uploads\/2024\/12\/wsparcie-inwestora-1-1024x576.png 1024w, https:\/\/uniejow.pl\/ucop\/wp-content\/uploads\/2024\/12\/wsparcie-inwestora-1-300x169.png 300w, https:\/\/uniejow.pl\/ucop\/wp-content\/uploads\/2024\/12\/wsparcie-inwestora-1-768x432.png 768w, https:\/\/uniejow.pl\/ucop\/wp-content\/uploads\/2024\/12\/wsparcie-inwestora-1.png 1280w\" sizes=\"auto, (max-width: 1024px) 100vw, 1024px\" \/><\/a><\/figure>\n<\/div>\n\n\n\n<figure class=\"wp-block-image size-full is-resized\"><a href=\"https:\/\/www.investinlodzkie.com\/zachety-dla-inwestorow-w-regionie-lodzkim-invest-in-the-lodzkie-region\/\"><img loading=\"lazy\" decoding=\"async\" width=\"478\" height=\"268\" src=\"https:\/\/uniejow.pl\/ucop\/wp-content\/uploads\/2025\/03\/invest-in-Lodz.png\" alt=\"\" class=\"wp-image-1348\" style=\"width:269px;height:auto\" srcset=\"https:\/\/uniejow.pl\/ucop\/wp-content\/uploads\/2025\/03\/invest-in-Lodz.png 478w, https:\/\/uniejow.pl\/ucop\/wp-content\/uploads\/2025\/03\/invest-in-Lodz-300x168.png 300w\" sizes=\"auto, (max-width: 478px) 100vw, 478px\" \/><\/a><\/figure>\n<\/div>\n\n\n\n<p><\/p>\n","protected":false},"excerpt":{"rendered":"<p>W tej sekcji znajdziesz przydatne informacje dotycz\u0105ce mo\u017cliwo\u015bci inwestycyjnych dla Twojego biznesu. W przypadku pyta\u0144 zapraszamy do kontaktu z naszym [&#8230;]<\/p>\n<p><a class=\"btn btn-secondary understrap-read-more-link\" href=\"https:\/\/uniejow.pl\/ucop\/inwestowanie\/\">Czytaj dalej\u2026<span class=\"screen-reader-text\"> from INWESTOWANIE<\/span><\/a><\/p>\n","protected":false},"author":2,"featured_media":0,"parent":0,"menu_order":0,"comment_status":"closed","ping_status":"closed","template":"","meta":{"_acf_changed":false,"footnotes":""},"class_list":["post-454","page","type-page","status-publish","hentry"],"acf":[],"_links":{"self":[{"href":"https:\/\/uniejow.pl\/ucop\/wp-json\/wp\/v2\/pages\/454","targetHints":{"allow":["GET"]}}],"collection":[{"href":"https:\/\/uniejow.pl\/ucop\/wp-json\/wp\/v2\/pages"}],"about":[{"href":"https:\/\/uniejow.pl\/ucop\/wp-json\/wp\/v2\/types\/page"}],"author":[{"embeddable":true,"href":"https:\/\/uniejow.pl\/ucop\/wp-json\/wp\/v2\/users\/2"}],"replies":[{"embeddable":true,"href":"https:\/\/uniejow.pl\/ucop\/wp-json\/wp\/v2\/comments?post=454"}],"version-history":[{"count":17,"href":"https:\/\/uniejow.pl\/ucop\/wp-json\/wp\/v2\/pages\/454\/revisions"}],"predecessor-version":[{"id":1349,"href":"https:\/\/uniejow.pl\/ucop\/wp-json\/wp\/v2\/pages\/454\/revisions\/1349"}],"wp:attachment":[{"href":"https:\/\/uniejow.pl\/ucop\/wp-json\/wp\/v2\/media?parent=454"}],"curies":[{"name":"wp","href":"https:\/\/api.w.org\/{rel}","templated":true}]}}